p, 2*p = y - 26. Let v = -21 - -29. What is the highest common factor of v and y?
8
Let j = 9 + -5. Suppose -3*b - 192 = -j*b. What is the greatest common divisor of b and 24?
24
Let g(s) = s**3 - 2*s**2 + s + 2. Let c be g(3). Suppose -z = -4*z + 63. What is the highest common factor of z and c?
7
Let l = -167 + 95. Let s be (l/15)/((-2)/55). What is the highest common divisor of 12 and s?
12
Let w = 61 - 39. Calculate the greatest common factor of w and 198.
22
Let n = 143 - 138. Calculate the greatest common divisor of 5 and n.
5
Let m(v) be the third derivative of v**4/24 + 7*v**3/6 + 3*v**2. Let y be m(-3). Calculate the highest common factor of 12 and y.
4
Suppose 46 = 8*g - 7*g. What is the highest common divisor of 23 and g?
23
Suppose -15*u = -11*u - 20. Calculate the highest common factor of 45 and u.
5
Let o(n) = -n**3 + 6*n**2 - 4*n + 6. Let q be o(4). Calculate the greatest common divisor of 11 and q.
11
Let y be (-6)/(-4)*62/3. What is the highest common factor of y and 31?
31
Let b be ((-189)/(-18))/((-3)/(-6)). What is the greatest common factor of b and 63?
21
Suppose 0 = -5*i - 5*h + 135, -5*i - 3*h + 163 = 32. What is the greatest common divisor of 175 and i?
25
Let x(i) = 5*i - 8. Suppose 3*w + 7 = 4*b - 21, -2*b - 2*w + 14 = 0. Let p be x(b). Let m = 4 - 1. What is the greatest common factor of p and m?
3
Let x be ((2*-2)/(-2))/1. Suppose -4*o = x*q + 86, -67 = 5*q + 2*o + 116. Let h = q + 75. Calculate the highest common factor of 16 and h.
8
Let x = 10 - -1. What is the highest common factor of x and 1?
1
Suppose -4*t - 2*j + j = -24, -t + 5*j = -6. What is the greatest common factor of t and 54?
6
Let u be (-5)/(-1 + 2/3). Calculate the highest common factor of u and 15.
15
Let x be (43 - -9) + 1 + -1. Calculate the highest common factor of 13 and x.
13
Let f(i) = -3*i**3 - 4*i**2 + 3. Let o be f(-3). Let m = o + 57. Let t be (-15)/(-2)*4/2. Calculate the highest common divisor of m and t.
15
Let t(w) = 11*w**2 + w + 2. Let o = 10 - 8. Let i be t(o). What is the greatest common factor of i and 6?
6
Let t(h) = 3*h**2 + 1. Let s be t(-1). Suppose 3*w = -s*u + 56, -65 = -0*w - 5*w - u. What is the greatest common factor of 3 and w?
3
Suppose 0 = 4*x - 5*u - 2, 4 = -x + 3*u + 1. Suppose -53 = -3*k - z - 11, 5*k + 5*z - 60 = 0. Calculate the highest common factor of k and x.
3
Let r be (108/16)/((-3)/12). Let y be (r/(-15))/(15/50). Calculate the highest common divisor of 3 and y.
3
Let l(y) = y**3 - 4*y**2 - 4*y + 4. Let m = -3 + 8. Let i be l(m). Let o = 15 - i. Calculate the greatest common factor of 4 and o.
2
Suppose -3*q - 13 = -b, 0 = -5*b + 4*q + 46 + 19. Suppose 4*a - 113 = -b. Calculate the highest common factor of a and 5.
5
Suppose -5*g - 2*t = -0*g - 218, -93 = -2*g + 5*t. What is the greatest common divisor of 440 and g?
44
Let w be (-1)/((-68)/22 + 3). What is the highest common factor of w and 77?
11
Let t = -5 + 7. Let s be 33/t - 3/6. Calculate the highest common factor of s and 176.
16
Let h(p) = 2*p - 6. Suppose 2*a - 30 = -5*x, 2*x + 2*a + 2 = 5*x. Let k be h(x). Let i be (-1)/2 - (-103)/k. What is the highest common divisor of i and 34?
17
Let w = 42 + -33. Let q be -2*(-6)/(-8)*-6. What is the highest common divisor of w and q?
9
Suppose -4*p + 17 = -39. Suppose 2*h - 20 = -5*g, 4 + 1 = h. Let c = 23 - g. What is the highest common factor of p and c?
7
Let a = -136 - -166. What is the greatest common divisor of a and 10?
10
Let b(m) = m - 3. Let n be b(8). Let p be (-13 - -12)/((-1)/5). Calculate the greatest common divisor of n and p.
5
Let a = 13 + 0. What is the greatest common divisor of 52 and a?
13
Let v = -8 - -12. Suppose v*a - 480 = -h, 3*a - 2*h - 360 = -0*h. What is the highest common factor of a and 15?
15
Suppose -133 + 727 = 4*o + 3*m, 4*o - 2*m - 604 = 0. What is the greatest common factor of 15 and o?
15
Suppose -6*u + 73 = 49. Calculate the highest common divisor of u and 6.
2
Let d(h) = -h**3 + 7*h**2 + 22*h + 3. Let s be d(9). Calculate the highest common divisor of 312 and s.
39
Let f = -141 + 1207. Suppose 4*k - 802 = -3*h, -2*k + f = 4*h - 0*k. Let r be h/4 - (-2)/(-4). What is the greatest common divisor of 6 and r?
6
Suppose -1 - 15 = -4*s. Suppose 123 = 3*g + 3*l, -s*g + l = -3*g - 39. What is the greatest common factor of g and 10?
10
Let g(p) = p**3 - p**2 + p + 63. Let o be g(0). Calculate the greatest common factor of o and 18.
9
Let l = 50 - 29. Suppose 96 = q - 3*y, -4*q - q + 3*y = -432. What is the greatest common factor of q and l?
21
Let m = -2 - -4. Let v(p) = 2*p**3 + 2*p**2 - 2*p + 3. Let i be v(m). Let a = i - 12. Calculate the greatest common divisor of 44 and a.
11
Let r be 24/10 + (-6)/(-10). Suppose -3*y + 8*y + f = 90, r*y - 46 = f. Calculate the highest common factor of y and 119.
17
Let c be 1/1 + 18/2. Let s(x) = -3*x**3 - x**2 - x - 2. Let o(i) = i - 12. Let w be o(10). Let n be s(w). Calculate the highest common factor of n and c.
10
Let r = -100 - -135. Calculate the highest common factor of r and 105.
35
Suppose w - 4*w = -30. Let f be 13/26*(-1 - -189). Let y = 174 - f. What is the greatest common divisor of w and y?
10
Suppose -200 = -2*g + 98. Suppose 0 = -4*n + 375 + g. Suppose 4*y = n + 233. Calculate the greatest common factor of 13 and y.
13
Let x(q) be the first derivative of -3 + 2*q**2 + 10/3*q**3 - q. Let n be x(-3). Calculate the greatest common divisor of n and 11.
11
Let b(f) = f**2 - 4*f - 8. Let p(o) = o**2 - o - 1. Let i(q) = -b(q) + 6*p(q). Let u be i(-4). What is the highest common divisor of 18 and u?
18
Let w be 6/27 + 1864/36. Calculate the greatest common factor of 13 and w.
13
Suppose 23 = 4*w - 1. Suppose -2*y + 12 = 2. Let x(p) = 4*p + 4. Let b be x(y). Calculate the greatest common divisor of w and b.
6
Suppose 21 = 5*l + 1. Suppose 87 = l*y - 21. Let m(n) = n**3 + 6*n**2 + 7*n + 5. Let p be m(-4). What is the highest common divisor of p and y?
9
Suppose 10*h - 61 = 29. Calculate the highest common divisor of 207 and h.
9
Let x be (-72)/(-3)*1/2. Suppose 0*w = 4*w - 336. Calculate the greatest common factor of x and w.
12
Suppose 102 = -6*a + 462. Let q be (-10)/(-6) - 4/(-12). Let x(n) = 3*n**3 - 2*n**2 - n - 2. Let r be x(q). What is the highest common divisor of r and a?
12
Let z(l) = l**2 - l + 35. Let d be z(0). Calculate the greatest common factor of d and 14.
7
Let o be 2/6 + (-1924)/(-6). Suppose -5*j + o = -79. Let g(u) = u**2 + u - 4. Let h be g(3). What is the highest common factor of j and h?
8
Suppose 9*h + 0*h - 36 = 0. Calculate the greatest common factor of h and 8.
4
Suppose 0*r + 15 = -5*r. Suppose -5*l + 3*l = 0. Let p be 8 + (r - (-2 + l)). What is the highest common factor of 21 and p?
7
Let k = 21 - 19. What is the greatest common factor of k and 2?
2
Let z = -1 - -5. Let q be 2/z - (-775)/10. Suppose -r = -t + 8 + 22, 3*t + r = q. What is the greatest common divisor of t and 9?
9
Let g(d) = -d**2 - 6*d + 4. Let o be g(-6). Suppose o*t - 132 = t. Let n be 10/(-5)*(0 + -2). Calculate the highest common factor of t and n.
4
Suppose 2*v = -2*w - 6, -5*w = v + v. Suppose -w*l = l - 12. Suppose 3*g - l*t - 67 = 116, -3*g - t = -198. What is the highest common factor of g and 13?
13
Let m(y) = 0*y - 3 + 8 + y + 6*y. Let p be m(4). What is the highest common factor of 11 and p?
11
Let v(r) = -r**3 - r**2 + 2. Let u be v(0). Suppose -36 = -2*w - 0*w. Calculate the highest common factor of u and w.
2
Let o(b) = -15*b**3 + b**2 + 3*b + 2. Let g be o(-2). Calculate the highest common divisor of g and 15.
15
Suppose 2*z + 3 - 13 = 0, -5*i - z + 5 = 0. Let l be i - -1 - 0/(-2). Calculate the highest common divisor of l and 2.
1
Let b = -1 + 2. Let s = b - -21. Calculate the greatest common divisor of 33 and s.
11
Let w(z) = -28*z + 2. Let b be w(-2). Suppose -b = -5*p - 18. What is the highest common factor of p and 24?
8
Suppose 4*r + 0 = 24. Calculate the greatest common divisor of r and 48.
6
Let i be (26 - 25) + 35/1. Let u = 40 + 14. Calculate the greatest common divisor of i and u.
18
Let j = 316 + -91. Suppose 2*a - j = -a + 2*w, -3*a + 225 = -4*w. Calculate the highest common divisor of 15 and a.
15
Let j(d) = -d**3 - 6*d**2 + 3*d - 8. Let y be j(-7). What is the highest common divisor of y and 50?
10
Su